-6. Let q(y) = -y**3 - 2*y**2 + y + 2. Let l(g) = g**2. Let o(w) = 3*l(w) - q(w). What is o(r)?
3
Suppose 0 = -2*q + 3*a + 3, 2*a + 3 = -q + 8. Suppose 0 = 3*j + j - 4. Let w(z) = 3 - j - z - z - 2*z. Determine w(q).
-10
Suppose j + 6*a + 6 = 10*a, 4*j = -23*a - 141. Let y(i) = 4*i + 47. Give y(j).
-25
Let j(q) = q**2 - 7*q - 8. Let g be (36/(-8))/((-21)/868). Let u = -178 + g. What is j(u)?
0
Let q(v) = -7*v**2 + 18*v - 30. Let m(y) = -16*y**2 + 38*y - 61. Let c(t) = -4*m(t) + 9*q(t). Calculate c(-13).
13
Suppose -41*n + 38 + 42 = -n. Let f(a) = a + 3. Calculate f(n).
5
Suppose 3*j = 5*j. Suppose j = 4*t - 7 - 1. Let m(g) = -2*g**3 - g + 1. Let b(c) = -6*c**3 + c**2 - 3*c. Let i(p) = -b(p) + 2*m(p). Calculate i(t).
16
Suppose 11*s + 4030 = 6*s. Let y be (-12 - s/65) + (-28)/(-5). Let q(t) = t**3 - 7*t**2 + 3*t + 8. What is q(y)?
-10
Let d(h) = -h**3 - h**2 - 5*h + 3. Let z(m) = -4*m**3 - 2*m**2 - 12*m**3 - 11*m + 14*m**3 + 7. Let g(r) = -5*d(r) + 2*z(r). Determine g(2).
17
Let g be ((-35)/(-175))/((-12)/(-600)). Let b(m) be the second derivative of 1/2*m**3 + 5/12*m**4 + g + 3*m - 3/2*m**2. Calculate b(2).
23
Let y(r) = 13*r - 1. Let c(g) = g. Let j(x) = -x**3 + 4*x - 5. Let h be j(2). Let n be -1 + (-4)/(-5) + (-6)/h. Let i(t) = n*y(t) + c(t). What is i(1)?
13
Suppose 4*z + 2*b - 30 = 0, 4*b + 24 = 4*z - 12. Let p(d) = 6*d - 46. Determine p(z).
2
Let v(k) = -5*k**3 + 48*k**2 + 32*k + 45. Let r(s) = 2*s**3 - 15 + 285*s + 21*s**2 - 295*s - 37*s**2. Let x(u) = 8*r(u) + 3*v(u). Determine x(-15).
0
Let d(m) = -2. Let n(r) = r**3 + 7*r**2 - 8*r + 2. Let c = -218 + 219. Let a(z) = c*n(z) + 3*d(z). Calculate a(-8).
-4
Let v(u) be the second derivative of -u**7/840 - u**6/45 + u**4/24 - 9*u**3/2 + u**2/2 - 3*u - 3. Let z(q) be the second derivative of v(q). Give z(-8).
1
Let z(r) = 6*r - 36. Suppose 50 = 5*j + 5*s, 3*j = -0*j + 3*s. Let v be z(j). Let x(k) = 3*k - 1. Calculate x(v).
-19
Let k(n) be the second derivative of 0 - 1/6*n**3 + n**2 - 5*n. Let y be 0/(-2) - -2 - 0/(-2). Give k(y).
0
Suppose 0 = 12*o + 52 + 20. Let x(n) = n**2 + 6*n - 2. Let b(j) = -6*j**2 - 32*j + 16. Let k(i) = b(i) + 5*x(i). What is k(o)?
-18
Suppose -2*c = 4*p - 2, 0 = -2*p + c + 2*c + 21. Suppose -5*g = -38 + p. Let m(d) be the third derivative of d**4/12 + 2*d**2. What is m(g)?
14
Let b be (-66)/825 - 4/(-50). Let h(n) = n**3 + n**2 - 3*n + 9. What is h(b)?
9
Suppose -2*o + 4*x - 2 = 0, 0 = -x - 3*x. Let l(d) = 105 + 20*d - 410 + 95 - 6*d + 106 + 103. What is l(o)?
-15
Let x(o) be the first derivative of -30 + 1/4*o**4 - 1/2*o**2 + 0*o**3 - 26*o. Determine x(0).
-26
Let h(i) = i**2 - 5*i - 4. Let u = -78 - -166. Let x be 6/(-15) + u/20. Let c be 8/8 - (2 - 3)*x. Give h(c).
-4
Let j(n) = -23*n - 1. Let b(r) = 110*r + 4. Let o(h) = -2*b(h) - 9*j(h). What is o(-1)?
14
Suppose 0 = -331*y + 92*y + 8126. Let k(l) = -l**2 + 36*l - 96. Determine k(y).
-28
Let i(j) be the first derivative of j**5/5 - 7*j**3 + 160. Let l(n) be the third derivative of i(n). Determine l(1).
24
Let o(f) = f**2 + 4*f + 5. Let n(h) = -2*h - 18. Let w be n(-9). Calculate o(w).
5
Let u(o) = -o**2 + 2*o + 21. Let z be 343/77 - 18/(-33). Give u(z).
6
Let m = 112 - 90. Let b(v) = -4*v**2 + 3*v**2 - 23 + m. What is b(0)?
-1
Let y(s) = 26*s - 73*s**2 + 14 + 50*s**2 - 22*s - 20*s + 25*s**2. Give y(7).
0
Suppose -22*k + 19*k - 3 = -3*s, 0 = 5*s - 2*k - 17. Let n(m) = m**2 - 4*m - 4. Let p(q) = q**2 - 4*q - 5. Let z(y) = -5*n(y) + 4*p(y). What is z(s)?
-5
Let v(m) = -5*m + 2. Let h(t) = t - 1. Let i(b) = -h(b) - v(b). Let c = 124 + -119. Suppose -10 = -c*p - 5*l, -7*p + 10*p + 14 = l. Calculate i(p).
-13
Let v be 0 + 1 - 51/17. Let h = v - -29. Suppose 4*b + 11 - h = 0. Let o(a) = -3*a. Determine o(b).
-12
Let m(v) = 2*v**2 - v + 1. Let t = 141 + -131. Let i(y) = -y**2 + 12*y - 19. Let n be i(t). What is m(n)?
2
Let o(v) = 58*v**2 - 60*v**2 + 160 - 7*v - 128. What is o(-6)?
2
Suppose -4*w - n + 562 = -164, 0 = -5*w + n + 903. Let t = -186 + w. Let c(f) = -2*f**2 - 8*f - 4. Determine c(t).
-14
Let f(q) = 6659*q - 13317*q + 6659*q. Give f(2).
2
Suppose 5*z - 16 = 2*i, -2*z = 3*i - 5*z + 6. Suppose 2*v - 24 = -i*p, 8 = -3*v + 4*v - p. Let g(j) = -j + 1. Give g(v).
-9
Let f(r) = 934321 + 11*r - 7*r**2 + r**3 - 934319 - 16*r. What is f(3)?
-49
Let i(h) = 2*h**2 - 41*h - 195. Let j be i(24). Let o(d) = d**3 + 26*d**2 - 28*d - 16. Give o(j).
11
Let u(o) = -3 + 3 + 2*o**3 - 12*o + 12 - 26 - 12*o**2 - 5. Give u(7).
-5
Suppose -4*b = 3*d - 16, -10 = -d - b - 4. Let a(x) = -11*x**2 + 2*x + 7*x + 10*x**2 + 6. Determine a(d).
14
Let i(x) = -207 + 33*x - 7 + 28 + 59. Determine i(4).
5
Let d(i) = 136*i - 4084. Let f be d(30). Let n(k) = -5*k - 5 + 3*k + 1. Calculate n(f).
4
Suppose -3*w = 5*q + 34, q = -q - 2*w - 12. Let i(j) be the second derivative of 1/2*j**3 + 2*j + 5*j**2 + 0. What is i(q)?
-14
Let b be (-60)/(-32)*-3 - 18/48. Let f = -3 + 5. Let x(h) = -3 - 1 - 4 - f*h. Give x(b).
4
Let s(t) be the second derivative of -t**6/72 - t**5/120 + t**4/24 + 8*t**3 + t**2/2 - 222*t. Let f(l) be the second derivative of s(l). Calculate f(1).
-5
Let j(a) = a**2 + 17*a - 11. Let t(o) = 3*o**2 + 36*o - 30. Let m(b) = 5*j(b) - 2*t(b). Give m(12).
17
Let g(z) = z - 4. Suppose -2*s + s = 4*s. Let d(w) = w**3 - w**2 + 2*w + 10. Let t be d(s). Suppose -t*u - 27 = -u. Calculate g(u).
-7
Let j(o) = o**2 - 5*o + 2. Suppose -3*n = -i - 11, -n - 4*i + 9 = i. Suppose -3*s - 3*l = -9, n*s - 2*s + 3 = l. Suppose s = -4*p + 6*p - 10. What is j(p)?
2
Let f = 4 + 43. Suppose f + 30 = 11*a. Let g(l) = -2*l + 5. Determine g(a).
-9
Let d(n) = 7*n + 47. Let y be 435/(-70) + (-18)/(-84). Give d(y).
5
Let h = -1356 + 1351. Let b(a) = -a**2 + 14. Calculate b(h).
-11
Let t = -683 + 673. Let o be 62/t + 2 - (-48)/(-60). Let u(w) = -w**2 - 6 - 4*w**2 - 5*w - w**3 + 0*w. Determine u(o).
19
Let z(g) = -128*g - 5. Let s(m) = -66*m + 1. Let q(j) = -2*s(j) + z(j). Let c be (3 - (-1 - 1))*1. What is q(c)?
13
Let j(x) = -x**3 - 4*x**2 + 14*x + 13. Let i be j(-6). Suppose -i = 3*t - 28. Let z(w) = -w**2 + 10*w + 13. Give z(t).
22
Let c = 5 - 8. Let v(q) = -4*q**3 - 4*q**3 + 58 - q**2 + 61 + 14*q**3 + 4*q - 7*q**3 - 115. Calculate v(c).
10
Let q(b) be the third derivative of -b**6/120 - 2*b**5/15 + 3*b**4/8 + 4*b**3/3 - 56*b**2. Let i(j) = -2*j**3 - j. Let c(v) = -i(v) + q(v). Determine c(6).
-4
Let x be 4 - (2/(-1) + -4)*33/(-6). Let p(d) = -2*d**2 - 60*d - 65. Determine p(x).
-7
Suppose 4*r + n = 136, 5*r - 4*n = -9*n + 170. Let p(s) = -4*s**2 - 106*s - 35*s**3 + r*s**3 - 4 + 112*s. Calculate p(-5).
-9
Let f(w) = w**3 + 5*w**2 - 6*w + 5. Suppose -9*z + 259 = -8*z. Suppose z = -2*q - 5. Let x = -138 - q. Determine f(x).
5
Let t be (-11 - 1)*(-2)/3. Let i be (-5)/(-2) + (-2 - 5/(-2)). Let m(c) = 279 + i*c - c**2 + 4*c - 278. What is m(t)?
-7
Let o(i) be the second derivative of -5/2*i**2 - 9*i + 0*i**3 + 2*i**4 + 0. Let k(z) = 5*z**2 - 1. Let d(g) = -11*k(g) + 2*o(g). Calculate d(-1).
-6
Let w(u) = -u**3 - 20*u**2 - 53*u - 11. Let s = 570 + -587. Calculate w(s).
23
Let b(q) = -q**2 - 5*q + 35. Suppose d - 6 = 2*n - 3*d, 0 = 2*d + 6. Determine b(n).
-1
Suppose 0 = 16*k - 9*k - 840. Suppose -k = -n + 13*n. Let m(o) = -3*o - 9. Give m(n).
21
Suppose -37*c = -18 - 56. Let f(z) = 9 + c - 1 - 2 - 4 + z**2 + 3*z. Calculate f(-3).
4
Let o(r) = -r**3 + 5*r**2 - 3*r - 6. Suppose 0 = -14*y + 33 - 145. Let k be 7 - y*(-3)/12. Give o(k).
-21
Suppose -h + 10 = 4*h. Let b(x) = -h*x**3 - 25*x**2 + x + 15*x**2 - 1 + 10*x**2. Calculate b(-2).
13
Let n(g) = g**2 - 11. Suppose 2*h + 2*h - 48 = 4*d, 0 = -4*d - 5*h - 84. Let m be (-2)/(-1) + 3 + 11 + d. What is n(m)?
-11
Let w(c) = c**2 + 6*c + 5. Suppose -2*r = -5*s + 87, -5*r = -4*r + s + 33. Let h be (96/r)/(4/6). Determine w(h).
-3
Let m(o) be the second derivative of 5*o**4/24 - o**3/3 - 11*o**2/2 + 4*o. Let t(x) be the first derivative of m(x). Give t(-4).
-22
Let r(a) = -10*a - 4. Suppose -u + 0 = 5. Let c = 1579 - 1586. Let t(o) = 7*o + 2. Let b(m) = c*t(m) + u*r(m). Give b(0).
6
Let i(o) be the first derivative of -15 - 4*o + 2*o**2 - 1/3*o**3. What is i(3)?
-1
Suppose -w = -3*w + 10. Let b(j) = -2*j**2 + 7*j - 10. Give b(w).
-25
Let w(m) be the first derivative of -11*m**2/2 - 454*m + 7990. Calculate w(-41).
-3
Suppose 0 